s 23329860 a multiple of 30?
True
Is 3118 a factor of 332971220?
True
Is 523 a factor of 1237456702?
True
Does 1046 divide 275272098?
False
Does 52 divide 1515798648?
True
Does 4 divide 15734711?
False
Is 10520 a factor of 4078267360?
True
Does 89 divide 1332553083?
False
Is 23 a factor of 70238711?
True
Is 118876944 a multiple of 89?
True
Is 297 a factor of 1809773658?
True
Is 15212160 a multiple of 19?
True
Is 3062 a factor of 27723348?
True
Is 96682768 a multiple of 182?
True
Is 64 a factor of 5101227?
False
Is 131 a factor of 52946532?
True
Is 42104097 a multiple of 63?
True
Is 15349440 a multiple of 303?
False
Does 316 divide 3054490444?
True
Is 29415801 a multiple of 3?
True
Is 4708965 a multiple of 2?
False
Does 63 divide 2278521?
True
Is 2766831058 a multiple of 13?
False
Does 142 divide 3691224680?
True
Is 458 a factor of 29356884?
True
Does 7 divide 205824675?
True
Is 57 a factor of 751781151?
True
Does 227 divide 174124436?
True
Is 68 a factor of 354222504?
False
Is 51 a factor of 206514056?
False
Does 253 divide 284245247?
True
Is 69418951 a multiple of 589?
True
Does 41 divide 326574389?
True
Is 459600823 a multiple of 209?
True
Is 33 a factor of 590602291?
False
Is 12809181 a multiple of 213?
True
Does 737 divide 391883109?
False
Is 14 a factor of 43193363?
False
Is 15161852 a multiple of 31?
True
Is 11 a factor of 45644431?
False
Is 28 a factor of 65547132?
True
Does 61 divide 51873594?
False
Is 2693 a factor of 44065559?
True
Does 202 divide 72209?
False
Is 89 a factor of 13617534?
True
Is 670270520 a multiple of 20?
True
Is 43 a factor of 29748353?
False
Is 2715184944 a multiple of 18?
True
Is 210 a factor of 686710500?
True
Is 14 a factor of 41448750?
True
Does 262 divide 2591586795?
False
Is 3133371360 a multiple of 834?
True
Is 119 a factor of 1213027052?
False
Does 2 divide 4621151?
False
Is 26 a factor of 88597134?
False
Does 17 divide 241849191?
True
Does 78 divide 86741008?
False
Is 150 a factor of 43931774?
False
Is 113054240 a multiple of 106?
False
Does 27 divide 98544257?
False
Is 4 a factor of 4032760?
True
Is 10 a factor of 418940?
True
Is 783053388 a multiple of 156?
True
Is 131630624 a multiple of 353?
False
Is 4803486462 a multiple of 801?
True
Is 58930331 a multiple of 60?
False
Does 44 divide 836097416?
True
Is 17 a factor of 14205215?
False
Does 3465 divide 166340790?
True
Is 1446415559 a multiple of 6399?
False
Is 191629581 a multiple of 2211?
True
Does 894 divide 222063379?
False
Is 538970 a multiple of 5?
True
Does 3431 divide 78743556?
False
Is 227410029 a multiple of 58?
False
Is 427007423 a multiple of 173?
True
Is 527447237 a multiple of 14963?
False
Is 15 a factor of 26091030?
True
Does 3265 divide 44165655?
True
Does 480 divide 35626560?
True
Is 2612 a factor of 67243328?
True
Is 190923880 a multiple of 140?
True
Does 558 divide 27004098?
False
Is 68608960 a multiple of 1120?
True
Is 60646200 a multiple of 150?
True
Is 62 a factor of 30683727?
False
Does 26 divide 2209314460?
False
Does 41 divide 71289365?
True
Is 3 a factor of 22274295?
True
Is 927 a factor of 512060895?
True
Is 139660594 a multiple of 10?
False
Is 6233 a factor of 358971292?
False
Is 873629699 a multiple of 7382?
False
Is 387 a factor of 35286660?
True
Is 6301305 a multiple of 5?
True
Is 2307837 a multiple of 197?
False
Does 12 divide 15322900?
False
Does 11118 divide 3679704901?
False
Is 12 a factor of 27766021?
False
Is 344877482 a multiple of 214?
False
Is 22 a factor of 343375406?
True
Is 120 a factor of 2201090?
False
Is 139 a factor of 627536489?
True
Is 2252 a factor of 283558328?
True
Is 66472260 a multiple of 95?
True
Is 1394288520 a multiple of 383?
True
Is 95 a factor of 85202005?
False
Is 74081418 a multiple of 114?
True
Does 83 divide 21298678?
False
Is 160 a factor of 308965280?
True
Is 388260650 a multiple of 815?
False
Does 18 divide 199939505?
False
Does 2332 divide 1993001824?
True
Does 4 divide 193402012?
True
Is 7 a factor of 65612330?
True
Does 41 divide 47186613?
True
Does 64 divide 7191967?
False
Is 14 a factor of 1294813?
False
Is 3 a factor of 2535407?
False
Is 134050344 a multiple of 95?
False
Is 330216712 a multiple of 2716?
True
Does 102 divide 689988078?
True
Is 36285682 a multiple of 186?
False
Does 8 divide 78251906?
False
Is 43918830 a multiple of 15?
True
Does 698 divide 309096038?
True
Does 160 divide 2095386806?
False
Does 2247 divide 204701700?
True
Is 225230562 a multiple of 5177?
True
Is 103620517 a multiple of 61?
True
Is 654 a factor of 486003096?
True
Is 523 a factor of 445391595?
False
Does 41 divide 10005394?
True
Is 99 a factor of 827724744?
True
Is 7711349265 a multiple of 15?
True
Is 4 a factor of 34699192?
True
Is 38593184 a multiple of 56?
True
Does 4 divide 54534552?
True
Does 2 divide 20104828?
True
Is 68 a factor of 22777348?
True
Is 19 a factor of 35240991?
True
Does 351 divide 200793762?
True
Does 1904 divide 26911136?
True
Is 16397088 a multiple of 654?
True
Does 6213 divide 392714090?
False
Is 1075 a factor of 29525178?
False
Is 1014 a factor of 5629801?
False
Does 15 divide 4043199911?
False
Is 54883617 a multiple of 321?
True
Is 108 a factor of 768825972?
True
Does 699 divide 26395942?
False
Is 493702892 a multiple of 274?
False
Does 482 divide 9446718?
True
Does 514 divide 491237339?
False
Does 126 divide 1323909166?
False
Does 2004 divide 376665828?
True
Is 484470935 a multiple of 181?
True
Does 10693 divide 70060536?
True
Does 1963 divide 256428653?
True
Is 8 a factor of 988952880?
True
Is 28 a factor of 4985976?
False
Does 13 divide 4330092?
True
Is 29 a factor of 20261807?
True
Does 290 divide 297254060?
True
Is 81 a factor of 10883241?
True
Is 13521510 a multiple of 10?
True
Does 57 divide 69841929?
True
Is 483 a factor of 15076323?
False
Does 53 divide 622928867?
False
Does 9 divide 245647861?
False
Is 39005784 a multiple of 76?
True
Does 13 divide 1039256478?
True
Is 35840100 a multiple of 772?
True
Does 8 divide 35380617?
False
Is 30090851 a multiple of 293?
False
Is 679645860 a multiple of 6?
True
Is 25 a factor of 305043?
False
Does 18 divide 362382127?
False
Is 580 a factor of 11239240?
True
Is 9934415 a multiple of 1303?
False
Does 13 divide 259691567?
False
Is 45822244 a multiple of 62?
False
Does 290 divide 19124996?
False
Is 10994179 a multiple of 356?
False
Is 90992859 a multiple of 4?
False
Is 12 a factor of 722498763?
False
Is 52 a factor of 2202284128?
False
Does 2636 divide 21897252?
True
Does 266 divide 46654748?
False
Does 1386 divide 1967770?
False
Is 51 a factor of 23408541?
True
Does 51 divide 4601036859?
True
Is 245 a factor of 760047575?
True
Is 10779079 a multiple of 14?
False
Does 48 divide 30617136?
True
Is 7 a factor of 53397652?
True
Is 701 a factor of 420968726?
True
Is 51 a factor of 97818858?
False
Does 11 divide 9015864?
True
Does 12 divide 1735592124?
True
Does 475 divide 7208680?
False
Is 18 a factor of 13332709?
False
Is 579270418 a multiple of 27?
False
Is 2076134374 a multiple of 355?
False
Is 75 a factor of 4757400?
True
Does 640 divide 537094272?
False
Is 222641928 a multiple of 9?
True
Does 5 divide 186238122?
False
Is 78374764 a multiple of 26?
True
Is 21 a factor of 139030605?
True
Is 614 a factor of 243626604?
True
Does 400 divide 2038583372?
False
Is 200579676 a multiple of 2066?
True
Does 176 divide 1749739561?
False
Is 22810515 a multiple of 1328?
False
Does 208 divide 11494370?
False
Is 901058867 a multiple of 8?
False
Does 4951 divide 240455217?
True
Does 160 divide 381731591?
False
Is 44 a factor of 142928808?
True
Is 15686899 a multiple of 31?
True
Does 2299 divide 209641212?
True
Is 14441 a multiple of 231?
False
Does 991 divide 18155120?
True
Is 5 a factor of 780264405?
True
Does 588 divide 352879968?
True
Is 56 a factor of 2021983656?
True
Is 98216910 a multiple of 1866?
True
Does 995 divide 1563517?
False
Is 27137700 a multiple of 25?
True
Is 374 a factor of 70617932?
True
Is 71573575 a multiple of 31?
True
Does 220 divide 164302046?
False
Is 238 a factor of 824855164?
True
Is 1500 a factor of 745212502?
False
Is 127 a factor of 69697981?
True
Does 105 divide 168987735?
True
Does 259 divide 12562391?
False
Is 185 a factor of 29529145?
True
Is 17 a factor of 940670758?
True
Does 17 divide 2203183?
True
Is 2 a fac